{"id":26842,"date":"2025-09-23T09:23:48","date_gmt":"2025-09-23T09:23:48","guid":{"rendered":"https:\/\/fireflydesigns.in\/wp9\/?post_type=product&#038;p=26842"},"modified":"2026-03-27T09:34:30","modified_gmt":"2026-03-27T09:34:30","slug":"plasencia-robusto-sampler-gift-box-6-cigars","status":"publish","type":"product","link":"https:\/\/fireflydesigns.in\/wp9\/product\/plasencia-robusto-sampler-gift-box-6-cigars\/","title":{"rendered":"Plasencia Robusto Sampler Gift Box &#8211; 6 Cigars"},"content":{"rendered":"<p>The Plasencia Robusto Sampler Gift Box epitomises Nicaraguan puro excellence from the Plasencia family&#8217;s acclaimed farms. This luxurious wooden presentation curates six distinct Robusto vitolas: Reserva Original (4 3\/4 inches \u00d7 52 ring gauge), Alma del Campo Tribu (5 inches \u00d7 52), Alma del Fuego Candente (5 inches \u00d7 50), Cosecha 151 La Musica (5 inches \u00d7 50), Alma Fuerte Robustus I (5 1\/4 inches \u00d7 52), and Alma Fuerte Robustus II (5 1\/8 inches \u00d7 55), each showcasing sun-grown Jalapa wrappers over matching binders and premium long-fillers for symphonic refinement. Ignition across these 45\u201360-minute masterpieces reveals impeccable draws and razor-even burns. Reserva Original opens with creamy cedar and dark chocolate, laced with roasted almonds. Alma del Campo surges with volcanic earth and espresso potency; Fuego Candente layers caramel sweetness, baking spices, and gentle pepper. Cosecha 151 charms with oak barrel nuances and tobacco nectar; Alma Fuerte duo balances bold coffee, charred leather, and lingering cacao through voluptuous, aromatic smoke with steadfast ash cones. This collector&#8217;s gift demands humidor storage at 65\u201370% humidity. Ideal for comparative tastings with a\u00f1ejo rum, peaty single malt, or artisanal espresso, each unfolds mesmerising layers\u2014from approachable finesse to profound puissance\u2014for discerning connoisseurs. Plasencia&#8217;s multi-generational artistry shines, delivering transcendent complexity with every luxurious draw.<\/p>\n\n    <div class=\"xs_social_share_widget xs_share_url after_content \t\tmain_content  wslu-style-1 wslu-share-box-shaped wslu-fill-colored wslu-none wslu-share-horizontal wslu-theme-font-no wslu-main_content\">\n\n\t\t\n        <ul>\n\t\t\t        <\/ul>\n    <\/div> \n","protected":false},"excerpt":{"rendered":"<p>The Plasencia Robusto Sampler Gift Box curates six Nicaraguan puro masterpieces in a luxurious wooden presentation: Reserva Original Robusto (4 3\/4 inches \u00d7 52 ring gauge), Alma del Campo Tribu (5 inches \u00d7 52), Alma del Fuego Candente (5 inches \u00d7 50), Cosecha 151 La Musica (5 inches \u00d7 50), Alma Fuerte Robustus I (5 1\/4 inches \u00d7 52), and Alma Fuerte Robustus II (5 1\/8 inches \u00d7 55), showcasing Plasencia farm tobaccos with cedar, coffee, dark chocolate, spice, nuts, caramel, oak, and creamy nuances over balanced 45\u201360-minute smokes of refined complexity.<\/p>\n","protected":false},"featured_media":26871,"comment_status":"open","ping_status":"closed","template":"","meta":{"_acf_changed":false,"pagelayer_contact_templates":[],"_pagelayer_content":""},"cigar-length":[],"product_brand":[],"product_cat":[791,784,669],"product_tag":[],"class_list":{"0":"post-26842","1":"product","2":"type-product","3":"status-publish","4":"has-post-thumbnail","6":"product_cat-cigar-gifts-for-him","7":"product_cat-gift-sets","8":"product_cat-plasencia-cigars-uk","9":"pa_packaging-pack","11":"first","12":"instock","13":"taxable","14":"shipping-taxable","15":"purchasable","16":"product-type-simple"},"acf":[],"yoast_head":"<!-- This site is optimized with the Yoast SEO plugin v26.7 - https:\/\/yoast.com\/wordpress\/plugins\/seo\/ -->\n<title>Plasencia Robusto Sampler Gift Box - 6 Cigars - SHAVE &amp; COASTER<\/title>\n<meta name=\"robots\" content=\"index, follow, max-snippet:-1, max-image-preview:large, max-video-preview:-1\" \/>\n<link rel=\"canonical\" href=\"https:\/\/fireflydesigns.in\/wp9\/product\/plasencia-robusto-sampler-gift-box-6-cigars\/\" \/>\n<meta property=\"og:locale\" content=\"en_US\" \/>\n<meta property=\"og:type\" content=\"article\" \/>\n<meta property=\"og:title\" content=\"Plasencia Robusto Sampler Gift Box - 6 Cigars - SHAVE &amp; COASTER\" \/>\n<meta property=\"og:description\" content=\"The Plasencia Robusto Sampler Gift Box curates six Nicaraguan puro masterpieces in a luxurious wooden presentation: Reserva Original Robusto (4 3\/4 inches \u00d7 52 ring gauge), Alma del Campo Tribu (5 inches \u00d7 52), Alma del Fuego Candente (5 inches \u00d7 50), Cosecha 151 La Musica (5 inches \u00d7 50), Alma Fuerte Robustus I (5 1\/4 inches \u00d7 52), and Alma Fuerte Robustus II (5 1\/8 inches \u00d7 55), showcasing Plasencia farm tobaccos with cedar, coffee, dark chocolate, spice, nuts, caramel, oak, and creamy nuances over balanced 45\u201360-minute smokes of refined complexity.\" \/>\n<meta property=\"og:url\" content=\"https:\/\/fireflydesigns.in\/wp9\/product\/plasencia-robusto-sampler-gift-box-6-cigars\/\" \/>\n<meta property=\"og:site_name\" content=\"SHAVE &amp; COASTER\" \/>\n<meta property=\"article:modified_time\" content=\"2026-03-27T09:34:30+00:00\" \/>\n<meta property=\"og:image\" content=\"https:\/\/fireflydesigns.in\/wp9\/wp-content\/uploads\/2025\/09\/plasenciarobustocollection-1.webp\" \/>\n\t<meta property=\"og:image:width\" content=\"555\" \/>\n\t<meta property=\"og:image:height\" content=\"555\" \/>\n\t<meta property=\"og:image:type\" content=\"image\/webp\" \/>\n<meta name=\"twitter:card\" content=\"summary_large_image\" \/>\n<meta name=\"twitter:label1\" content=\"Est. reading time\" \/>\n\t<meta name=\"twitter:data1\" content=\"1 minute\" \/>\n<script type=\"application\/ld+json\" class=\"yoast-schema-graph\">{\"@context\":\"https:\/\/schema.org\",\"@graph\":[{\"@type\":\"WebPage\",\"@id\":\"https:\/\/fireflydesigns.in\/wp9\/product\/plasencia-robusto-sampler-gift-box-6-cigars\/\",\"url\":\"https:\/\/fireflydesigns.in\/wp9\/product\/plasencia-robusto-sampler-gift-box-6-cigars\/\",\"name\":\"Plasencia Robusto Sampler Gift Box - 6 Cigars - SHAVE &amp; COASTER\",\"isPartOf\":{\"@id\":\"https:\/\/fireflydesigns.in\/wp9\/#website\"},\"primaryImageOfPage\":{\"@id\":\"https:\/\/fireflydesigns.in\/wp9\/product\/plasencia-robusto-sampler-gift-box-6-cigars\/#primaryimage\"},\"image\":{\"@id\":\"https:\/\/fireflydesigns.in\/wp9\/product\/plasencia-robusto-sampler-gift-box-6-cigars\/#primaryimage\"},\"thumbnailUrl\":\"https:\/\/fireflydesigns.in\/wp9\/wp-content\/uploads\/2025\/09\/plasenciarobustocollection-1.webp\",\"datePublished\":\"2025-09-23T09:23:48+00:00\",\"dateModified\":\"2026-03-27T09:34:30+00:00\",\"breadcrumb\":{\"@id\":\"https:\/\/fireflydesigns.in\/wp9\/product\/plasencia-robusto-sampler-gift-box-6-cigars\/#breadcrumb\"},\"inLanguage\":\"en-US\",\"potentialAction\":[{\"@type\":\"ReadAction\",\"target\":[\"https:\/\/fireflydesigns.in\/wp9\/product\/plasencia-robusto-sampler-gift-box-6-cigars\/\"]}]},{\"@type\":\"ImageObject\",\"inLanguage\":\"en-US\",\"@id\":\"https:\/\/fireflydesigns.in\/wp9\/product\/plasencia-robusto-sampler-gift-box-6-cigars\/#primaryimage\",\"url\":\"https:\/\/fireflydesigns.in\/wp9\/wp-content\/uploads\/2025\/09\/plasenciarobustocollection-1.webp\",\"contentUrl\":\"https:\/\/fireflydesigns.in\/wp9\/wp-content\/uploads\/2025\/09\/plasenciarobustocollection-1.webp\",\"width\":555,\"height\":555},{\"@type\":\"BreadcrumbList\",\"@id\":\"https:\/\/fireflydesigns.in\/wp9\/product\/plasencia-robusto-sampler-gift-box-6-cigars\/#breadcrumb\",\"itemListElement\":[{\"@type\":\"ListItem\",\"position\":1,\"name\":\"Home\",\"item\":\"https:\/\/fireflydesigns.in\/wp9\/\"},{\"@type\":\"ListItem\",\"position\":2,\"name\":\"Shop\",\"item\":\"https:\/\/fireflydesigns.in\/wp9\/shop\/\"},{\"@type\":\"ListItem\",\"position\":3,\"name\":\"Plasencia Robusto Sampler Gift Box &#8211; 6 Cigars\"}]},{\"@type\":\"WebSite\",\"@id\":\"https:\/\/fireflydesigns.in\/wp9\/#website\",\"url\":\"https:\/\/fireflydesigns.in\/wp9\/\",\"name\":\"SHAVE & COASTER\",\"description\":\"The Tobacconist\",\"publisher\":{\"@id\":\"https:\/\/fireflydesigns.in\/wp9\/#organization\"},\"potentialAction\":[{\"@type\":\"SearchAction\",\"target\":{\"@type\":\"EntryPoint\",\"urlTemplate\":\"https:\/\/fireflydesigns.in\/wp9\/?s={search_term_string}\"},\"query-input\":{\"@type\":\"PropertyValueSpecification\",\"valueRequired\":true,\"valueName\":\"search_term_string\"}}],\"inLanguage\":\"en-US\"},{\"@type\":\"Organization\",\"@id\":\"https:\/\/fireflydesigns.in\/wp9\/#organization\",\"name\":\"SHAVE & COASTER\",\"url\":\"https:\/\/fireflydesigns.in\/wp9\/\",\"logo\":{\"@type\":\"ImageObject\",\"inLanguage\":\"en-US\",\"@id\":\"https:\/\/fireflydesigns.in\/wp9\/#\/schema\/logo\/image\/\",\"url\":\"https:\/\/fireflydesigns.in\/wp9\/wp-content\/uploads\/2025\/09\/ShaveCoster.png\",\"contentUrl\":\"https:\/\/fireflydesigns.in\/wp9\/wp-content\/uploads\/2025\/09\/ShaveCoster.png\",\"width\":1165,\"height\":241,\"caption\":\"SHAVE & COASTER\"},\"image\":{\"@id\":\"https:\/\/fireflydesigns.in\/wp9\/#\/schema\/logo\/image\/\"}}]}<\/script>\n<!-- \/ Yoast SEO plugin. -->","yoast_head_json":{"title":"Plasencia Robusto Sampler Gift Box - 6 Cigars - SHAVE &amp; COASTER","robots":{"index":"index","follow":"follow","max-snippet":"max-snippet:-1","max-image-preview":"max-image-preview:large","max-video-preview":"max-video-preview:-1"},"canonical":"https:\/\/fireflydesigns.in\/wp9\/product\/plasencia-robusto-sampler-gift-box-6-cigars\/","og_locale":"en_US","og_type":"article","og_title":"Plasencia Robusto Sampler Gift Box - 6 Cigars - SHAVE &amp; COASTER","og_description":"The Plasencia Robusto Sampler Gift Box curates six Nicaraguan puro masterpieces in a luxurious wooden presentation: Reserva Original Robusto (4 3\/4 inches \u00d7 52 ring gauge), Alma del Campo Tribu (5 inches \u00d7 52), Alma del Fuego Candente (5 inches \u00d7 50), Cosecha 151 La Musica (5 inches \u00d7 50), Alma Fuerte Robustus I (5 1\/4 inches \u00d7 52), and Alma Fuerte Robustus II (5 1\/8 inches \u00d7 55), showcasing Plasencia farm tobaccos with cedar, coffee, dark chocolate, spice, nuts, caramel, oak, and creamy nuances over balanced 45\u201360-minute smokes of refined complexity.","og_url":"https:\/\/fireflydesigns.in\/wp9\/product\/plasencia-robusto-sampler-gift-box-6-cigars\/","og_site_name":"SHAVE &amp; COASTER","article_modified_time":"2026-03-27T09:34:30+00:00","og_image":[{"width":555,"height":555,"url":"https:\/\/fireflydesigns.in\/wp9\/wp-content\/uploads\/2025\/09\/plasenciarobustocollection-1.webp","type":"image\/webp"}],"twitter_card":"summary_large_image","twitter_misc":{"Est. reading time":"1 minute"},"schema":{"@context":"https:\/\/schema.org","@graph":[{"@type":"WebPage","@id":"https:\/\/fireflydesigns.in\/wp9\/product\/plasencia-robusto-sampler-gift-box-6-cigars\/","url":"https:\/\/fireflydesigns.in\/wp9\/product\/plasencia-robusto-sampler-gift-box-6-cigars\/","name":"Plasencia Robusto Sampler Gift Box - 6 Cigars - SHAVE &amp; COASTER","isPartOf":{"@id":"https:\/\/fireflydesigns.in\/wp9\/#website"},"primaryImageOfPage":{"@id":"https:\/\/fireflydesigns.in\/wp9\/product\/plasencia-robusto-sampler-gift-box-6-cigars\/#primaryimage"},"image":{"@id":"https:\/\/fireflydesigns.in\/wp9\/product\/plasencia-robusto-sampler-gift-box-6-cigars\/#primaryimage"},"thumbnailUrl":"https:\/\/fireflydesigns.in\/wp9\/wp-content\/uploads\/2025\/09\/plasenciarobustocollection-1.webp","datePublished":"2025-09-23T09:23:48+00:00","dateModified":"2026-03-27T09:34:30+00:00","breadcrumb":{"@id":"https:\/\/fireflydesigns.in\/wp9\/product\/plasencia-robusto-sampler-gift-box-6-cigars\/#breadcrumb"},"inLanguage":"en-US","potentialAction":[{"@type":"ReadAction","target":["https:\/\/fireflydesigns.in\/wp9\/product\/plasencia-robusto-sampler-gift-box-6-cigars\/"]}]},{"@type":"ImageObject","inLanguage":"en-US","@id":"https:\/\/fireflydesigns.in\/wp9\/product\/plasencia-robusto-sampler-gift-box-6-cigars\/#primaryimage","url":"https:\/\/fireflydesigns.in\/wp9\/wp-content\/uploads\/2025\/09\/plasenciarobustocollection-1.webp","contentUrl":"https:\/\/fireflydesigns.in\/wp9\/wp-content\/uploads\/2025\/09\/plasenciarobustocollection-1.webp","width":555,"height":555},{"@type":"BreadcrumbList","@id":"https:\/\/fireflydesigns.in\/wp9\/product\/plasencia-robusto-sampler-gift-box-6-cigars\/#breadcrumb","itemListElement":[{"@type":"ListItem","position":1,"name":"Home","item":"https:\/\/fireflydesigns.in\/wp9\/"},{"@type":"ListItem","position":2,"name":"Shop","item":"https:\/\/fireflydesigns.in\/wp9\/shop\/"},{"@type":"ListItem","position":3,"name":"Plasencia Robusto Sampler Gift Box &#8211; 6 Cigars"}]},{"@type":"WebSite","@id":"https:\/\/fireflydesigns.in\/wp9\/#website","url":"https:\/\/fireflydesigns.in\/wp9\/","name":"SHAVE & COASTER","description":"The Tobacconist","publisher":{"@id":"https:\/\/fireflydesigns.in\/wp9\/#organization"},"potentialAction":[{"@type":"SearchAction","target":{"@type":"EntryPoint","urlTemplate":"https:\/\/fireflydesigns.in\/wp9\/?s={search_term_string}"},"query-input":{"@type":"PropertyValueSpecification","valueRequired":true,"valueName":"search_term_string"}}],"inLanguage":"en-US"},{"@type":"Organization","@id":"https:\/\/fireflydesigns.in\/wp9\/#organization","name":"SHAVE & COASTER","url":"https:\/\/fireflydesigns.in\/wp9\/","logo":{"@type":"ImageObject","inLanguage":"en-US","@id":"https:\/\/fireflydesigns.in\/wp9\/#\/schema\/logo\/image\/","url":"https:\/\/fireflydesigns.in\/wp9\/wp-content\/uploads\/2025\/09\/ShaveCoster.png","contentUrl":"https:\/\/fireflydesigns.in\/wp9\/wp-content\/uploads\/2025\/09\/ShaveCoster.png","width":1165,"height":241,"caption":"SHAVE & COASTER"},"image":{"@id":"https:\/\/fireflydesigns.in\/wp9\/#\/schema\/logo\/image\/"}}]}},"_links":{"self":[{"href":"https:\/\/fireflydesigns.in\/wp9\/wp-json\/wp\/v2\/product\/26842","targetHints":{"allow":["GET"]}}],"collection":[{"href":"https:\/\/fireflydesigns.in\/wp9\/wp-json\/wp\/v2\/product"}],"about":[{"href":"https:\/\/fireflydesigns.in\/wp9\/wp-json\/wp\/v2\/types\/product"}],"replies":[{"embeddable":true,"href":"https:\/\/fireflydesigns.in\/wp9\/wp-json\/wp\/v2\/comments?post=26842"}],"wp:featuredmedia":[{"embeddable":true,"href":"https:\/\/fireflydesigns.in\/wp9\/wp-json\/wp\/v2\/media\/26871"}],"wp:attachment":[{"href":"https:\/\/fireflydesigns.in\/wp9\/wp-json\/wp\/v2\/media?parent=26842"}],"wp:term":[{"taxonomy":"cigar-length","embeddable":true,"href":"https:\/\/fireflydesigns.in\/wp9\/wp-json\/wp\/v2\/cigar-length?post=26842"},{"taxonomy":"product_brand","embeddable":true,"href":"https:\/\/fireflydesigns.in\/wp9\/wp-json\/wp\/v2\/product_brand?post=26842"},{"taxonomy":"product_cat","embeddable":true,"href":"https:\/\/fireflydesigns.in\/wp9\/wp-json\/wp\/v2\/product_cat?post=26842"},{"taxonomy":"product_tag","embeddable":true,"href":"https:\/\/fireflydesigns.in\/wp9\/wp-json\/wp\/v2\/product_tag?post=26842"}],"curies":[{"name":"wp","href":"https:\/\/api.w.org\/{rel}","templated":true}]}}